4*c + 13 + 29 + 5*c**2 - c. What is the tens digit of k(-11)?
8
Let x(d) = -62*d - 1 + 24*d + 16*d**2 - 1 - d**3 + 11*d. What is the tens digit of x(11)?
0
Let r = -1961 + 1952. Let f = -22 + 16. What is the hundreds digit of ((-724)/f)/((-6)/r)?
1
Suppose 2*c = g + 18375, 0 = -1058*c + 1057*c - g + 9195. What is the tens digit of c?
9
Let x(u) = -5 + 33*u**2 - 9*u - 8 - 10 - 10 + u**3 - 10. What is the tens digit of x(-33)?
5
Let o = 6 + -3. Let w = o - -4. Suppose w*l - l = 144. What is the tens digit of l?
2
Let m be 5848/340 - 8/(-10). Let h(w) = 89*w - 260. What is the thousands digit of h(m)?
1
Suppose 5*f + 0 - 148 = 3*s, 3*f + s - 100 = 0. Let c(w) = 28*w - 274. What is the tens digit of c(f)?
2
Suppose 0 = m - r - 11166, -45*m + 11166 = -44*m + r. What is the tens digit of m?
6
Suppose -3100918 = -224*f + 6712074. What is the ten thousands digit of f?
4
Let v(t) = t**3 - 32*t**2 + 167*t + 60. What is the tens digit of v(27)?
2
Let v be -2 + 3 - (-125*9 + 3). Suppose i + 3*p = -0*p + 381, 3*i + 4*p = v. What is the hundreds digit of i?
3
Suppose 67*i + 52*i - 177057 = 208622. What is the hundreds digit of i?
2
Let r = -114 + 120. What is the units digit of (8*59)/(r/12)?
4
Let c = -195743 + 285646. What is the thousands digit of c?
9
Let x(l) = 19*l - 1 - 7*l**2 - 21*l**2 - 1 + 29*l**2. What is the hundreds digit of x(17)?
6
Let t be -7 + 124 + 0/(-2). Let q = t - 13. Let x = -65 + q. What is the tens digit of x?
3
What is the thousands digit of (-618448)/(-44) + 56/154 - -10?
4
What is the units digit of (-10)/(-8) + 890623/356?
3
Let d = -576 - -590. Suppose 33*x = -d*x + 6674. What is the units digit of x?
2
Let b(h) = 4*h - 89. Let t be b(23). Suppose 0 = -2*k + t*g + 1296, k - 243 - 407 = 2*g. What is the tens digit of k?
4
Let p(l) = 41*l**2 + 34*l + 117. What is the thousands digit of p(14)?
8
Let k(j) = 795*j - 1234. What is the thousands digit of k(3)?
1
Suppose -b = -4, b + 45 = n + 7. Let l be n/(-2)*(8 + -13). What is the units digit of (-593)/(-6) - (-6 - l/(-18))?
9
Suppose 5*w - 359 - 1832 = -2*c, -4*w + 1766 = -5*c. What is the hundreds digit of w?
4
Let v(n) = 2*n**3 - 59*n**2 - 17*n - 39. What is the thousands digit of v(34)?
9
What is the ten thousands digit of ((-100)/(-42) - (-2)/(-3))/(4/26894)?
1
Suppose 89010 = 5*a - 7*g - 5235, -5*g + 75449 = 4*a. What is the ten thousands digit of a?
1
Let h be (-8869)/(-14)*((-57)/(-21) + -1). Suppose 10 = 2*q, 4*k = q + 3261 + h. What is the units digit of k?
8
Suppose 130822 = 2*y - 81*y + 571721. What is the hundreds digit of y?
5
Suppose -2*z + 136166 = -g - 29238, 3*z - 5*g = 248106. What is the tens digit of z?
0
Let c(l) = -l + 11 + 6 + 6. Let v = 731 - 720. What is the tens digit of c(v)?
1
Suppose -2 = -o + m + 8, 5*m = -5*o + 10. Suppose -o*s - 8 = -10*s. Suppose 0*l + 3*l + 2*b - 259 = 0, 0 = s*b + 2. What is the units digit of l?
7
Let n = 508 - -5. Suppose n - 168 = l. What is the tens digit of l?
4
Let h be ((-24)/18)/((-1)/3). Suppose 5*z + 232 = -t, h*z + 36 = -2*t - 146. Let i = 112 + z. What is the tens digit of i?
6
Let z = 12135 + -8067. Suppose 12*h = -1128 + z. What is the units digit of h?
5
What is the hundreds digit of 286375/45 + -10 + (-728)/(-72)?
3
Let u = -86248 + 144067. What is the tens digit of u?
1
Let k(p) = -8*p + 415. Let r = -688 - -688. What is the units digit of k(r)?
5
Let y(i) be the third derivative of -i**6/120 - i**5/30 + i**4/12 - 25*i**3/6 + 2*i**2 + 207. What is the units digit of y(-5)?
0
Suppose 254745 = -36*n + 81*n. What is the hundreds digit of n?
6
Let f(c) = -5*c + 19. Let v be f(2). Suppose 0 = -v*b + 12*b - 1404. What is the tens digit of ((-5)/15)/((-4)/b)?
3
Suppose 3627 + 3469 = i + 49. What is the tens digit of i?
4
Suppose -7*p - 6311 = -38126. Suppose 42*g + p = 47*g. What is the tens digit of g?
0
Let k be (675/10)/5 - (-15)/10. What is the hundreds digit of (25065/(-6))/k*-2?
5
Let n(x) = -50*x + 47368. What is the ten thousands digit of n(0)?
4
Suppose -5*p + 3*r = 0, 6*p - r = 2*p. Suppose p = -6*g + 912 + 1512. What is the hundreds digit of g?
4
Let y be 1 - 1*-1234 - 4. Suppose 2*u - 549 = y. Suppose f - 179 = -m, -5*f - 3*m + u = m. What is the tens digit of f?
7
Suppose -10*o + 46*o + 5*o = 0. Suppose o = 2*w - 379 - 145. What is the units digit of w?
2
Suppose -9*z + 7696 = -4*z + 3*v, -4*v + 1546 = z. What is the thousands digit of z?
1
Let y(m) = -3*m + 4. Let n be y(7). Let v(i) be the third derivative of -i**6/120 - 19*i**5/60 - 2*i**4 - 5*i**3/2 + 981*i**2. What is the units digit of v(n)?
3
Let d = -118 - -475. Let g = -555 + d. Let z = g - -286. What is the tens digit of z?
8
Let m(p) = -2*p**3 + 4*p**2 + 378*p - 83. What is the units digit of m(-19)?
7
Suppose 2*q = g - 177, 2*q + 361 = 3*g - 162. What is the hundreds digit of (-3 - (-1 + g))*(-3 + 0)?
5
Let i = -2 - -5. Let u(r) = 6*r - 5. Let g(q) = 1. Let v(y) = i*g(y) + u(y). What is the tens digit of v(14)?
8
Suppose 0 = -5*j + 4*x + 18910, -77 = 4*j + 5*x - 15205. What is the hundreds digit of j?
7
Let k = 58 + -53. Suppose 0 = k*h - 4*j - 73, -h + j = -6*h + 63. Let o(w) = 2*w**2 - 16*w - 10. What is the hundreds digit of o(h)?
1
Let m(n) = -n**3 + 38*n**2 + 46*n - 54. Suppose 2*v - 43 - 35 = 0. What is the tens digit of m(v)?
1
Let y(j) = -j**2 + 15*j. Let o = -55 - -70. Let a be y(o). Suppose a*t + 640 = 5*r - t, -4*t = 20. What is the hundreds digit of r?
1
Let r = -3903 - -3883. Let k(j) = j**2 + 2*j. Let b be k(-3). What is the tens digit of (-8)/b*255/r?
3
Let s = 29 - 30. What is the thousands digit of ((-66)/18*(3 + 408))/s?
1
Let y(c) = c**3 + 7*c**2 + c + 11. Let z be y(-7). Suppose z*p - 5*p = -164. What is the tens digit of p?
6
Let d(a) = 15*a**2 + a + 8. Let i(v) = -16*v**2 - v - 7. Suppose 24 = -11*h + 7*h. Let n(t) = h*d(t) - 7*i(t). What is the tens digit of n(-1)?
2
Suppose 38 = 5*g - 2*d, -5*d - 5 + 3 = 3*g. Suppose -v + 32 = -17. Suppose -g*p = -v - 935. What is the units digit of p?
4
Let i(x) = -5 - 11*x + 10*x - 8*x + 14*x**2 - x**3. What is the hundreds digit of i(7)?
2
Suppose 0 = 4*l - 4*s + 1376, 2*l - 3*s = 13 - 696. Let j = 972 - l. What is the units digit of j?
1
Let r(c) = 33 - 2*c - c - 2*c + c**2 + 16*c. Let f be r(-7). What is the units digit of -1 + 68 + (f - 7)?
5
Let h = 524 - 427. Let y = 559 - h. What is the hundreds digit of y?
4
Let x = -6978 + 25032. What is the ten thousands digit of x?
1
Let x = -196 - -200. Suppose -5*u = 0, 2*u - 3057 = -x*t + 51. What is the hundreds digit of t?
7
Let o = -116 - -123. Suppose -10*c + 990 = -o*c. What is the hundreds digit of c?
3
Suppose c + 7*k - 15195 = 0, 5*c - 31*k + 36*k - 76125 = 0. What is the ten thousands digit of c?
1
Let s = 78 + -72. Suppose -3*j + s*j = 324. What is the units digit of j?
8
Let r(b) = 5*b**3 - 6*b**2 + 4*b - 1. Let s = 531 - 527. What is the tens digit of r(s)?
3
Let j(r) = 6 + 13*r - 29 + 25*r + 59*r - 39*r. What is the tens digit of j(7)?
8
What is the hundreds digit of 4/(-8) + 301218/60 - 1/(-5)?
0
Let b(p) = 54*p**3 + 15*p**2 - 19*p + 17. Let w(z) = 27*z**3 + 7*z**2 - 9*z + 8. Let t(i) = -4*b(i) + 9*w(i). What is the hundreds digit of t(2)?
2
Let h(r) = 39*r - 3. Suppose -3*z - 15 = 5*o, -z + 0*z - o = 3. Suppose q + 1 = -z*q, -q - 7 = -3*g. What is the units digit of h(g)?
5
Let j = 14260 + 780. What is the tens digit of j?
4
Suppose 0*h + h + 4*j = 0, 5*j + 13 = 2*h. Suppose -h*p + 5*n + 457 = 0, 2*p = -4*n + 218 - 22. What is the units digit of p?
8
What is the hundreds digit of (-2)/(-5)*(-3618515)/(-142)?
1
What is the units digit of ((-8)/(-3))/((-192890)/38580 + 5)?
8
Let d(s) = 167*s + 67. Let g be ((-570)/(-152))/(-2 + 22/8). What is the tens digit of d(g)?
0
Suppose 37*r = 14*r + 69. Suppose -3*z + r*t + 148 = -17, 5*t = -4*z + 238. What is the units digit of z?
7
Let u be 1 + -2 - 12/((-28)/7). What is the tens digit of u/9 - 4018/(-63)?
6
Suppose -2*b = -u - 212, 229 + 301 = 5*b + 5*u. Suppose 6*i - b = 134. What is the tens digit of i?
4
Let g(q) be the second derivative of 11*q**3/6 - 29*q**2/2 - 2*q - 3. What is the hundreds digit of g(14)?
1
Let k = -60 + 62. Suppose -4*m = -4*o - 2204, -4*o + 6*m - 3*m - 2201 = 0. What is the tens digit of o/(-8) + k - 1/2?
7
Let t = -22531 - -34963. What is the thousands 